emainder when 1297 is divided by 646?
5
Calculate the remainder when 25 is divided by 9.
7
Calculate the remainder when 485 is divided by 70.
65
What is the remainder when 173 is divided by 56?
5
Calculate the remainder when 162 is divided by 49.
15
Calculate the remainder when 119 is divided by 68.
51
What is the remainder when 224 is divided by 23?
17
Calculate the remainder when 859 is divided by 186.
115
Calculate the remainder when 4841 is divided by 23.
11
Calculate the remainder when 589 is divided by 291.
7
Calculate the remainder when 1055 is divided by 66.
65
What is the remainder when 140 is divided by 12?
8
Calculate the remainder when 244 is divided by 4.
0
What is the remainder when 914 is divided by 129?
11
Calculate the remainder when 190 is divided by 94.
2
What is the remainder when 437 is divided by 215?
7
What is the remainder when 331 is divided by 189?
142
Calculate the remainder when 457 is divided by 213.
31
Calculate the remainder when 1432 is divided by 265.
107
Calculate the remainder when 1518 is divided by 140.
118
What is the remainder when 842 is divided by 416?
10
What is the remainder when 429 is divided by 12?
9
What is the remainder when 1752 is divided by 22?
14
What is the remainder when 670 is divided by 84?
82
What is the remainder when 3221 is divided by 3206?
15
What is the remainder when 267 is divided by 21?
15
Calculate the remainder when 162 is divided by 103.
59
Calculate the remainder when 1359 is divided by 11.
6
What is the remainder when 734 is divided by 125?
109
What is the remainder when 366 is divided by 21?
9
What is the remainder when 19865 is divided by 77?
76
What is the remainder when 38 is divided by 11?
5
Calculate the remainder when 470 is divided by 232.
6
What is the remainder when 140 is divided by 56?
28
What is the remainder when 413 is divided by 203?
7
Calculate the remainder when 1018 is divided by 41.
34
Calculate the remainder when 1120 is divided by 19.
18
What is the remainder when 4072 is divided by 54?
22
What is the remainder when 61 is divided by 36?
25
Calculate the remainder when 407 is divided by 81.
2
What is the remainder when 329 is divided by 235?
94
What is the remainder when 1146 is divided by 564?
18
Calculate the remainder when 259 is divided by 38.
31
Calculate the remainder when 357 is divided by 106.
39
What is the remainder when 596 is divided by 79?
43
Calculate the remainder when 133 is divided by 9.
7
What is the remainder when 81 is divided by 47?
34
What is the remainder when 172 is divided by 66?
40
What is the remainder when 300 is divided by 299?
1
What is the remainder when 23 is divided by 13?
10
Calculate the remainder when 39 is divided by 28.
11
Calculate the remainder when 879 is divided by 20.
19
Calculate the remainder when 83 is divided by 72.
11
Calculate the remainder when 2484 is divided by 496.
4
What is the remainder when 622 is divided by 78?
76
What is the remainder when 1190 is divided by 26?
20
What is the remainder when 205 is divided by 32?
13
What is the remainder when 68 is divided by 19?
11
Calculate the remainder when 2286 is divided by 750.
36
What is the remainder when 28726 is divided by 171?
169
What is the remainder when 168 is divided by 31?
13
What is the remainder when 221 is divided by 50?
21
What is the remainder when 1256 is divided by 79?
71
Calculate the remainder when 26221 is divided by 31.
26
Calculate the remainder when 1475 is divided by 51.
47
Calculate the remainder when 59 is divided by 17.
8
What is the remainder when 1285 is divided by 605?
75
What is the remainder when 357 is divided by 40?
37
Calculate the remainder when 207 is divided by 129.
78
What is the remainder when 594 is divided by 17?
16
Calculate the remainder when 265 is divided by 14.
13
What is the remainder when 246 is divided by 130?
116
What is the remainder when 505 is divided by 30?
25
What is the remainder when 159 is divided by 1?
0
Calculate the remainder when 662 is divided by 118.
72
What is the remainder when 800 is divided by 79?
10
What is the remainder when 34 is divided by 8?
2
What is the remainder when 554 is divided by 194?
166
Calculate the remainder when 16043 is divided by 142.
139
What is the remainder when 260 is divided by 44?
40
What is the remainder when 155 is divided by 78?
77
Calculate the remainder when 6966 is divided by 104.
102
What is the remainder when 104 is divided by 53?
51
What is the remainder when 138 is divided by 89?
49
Calculate the remainder when 2785 is divided by 10.
5
What is the remainder when 1848 is divided by 591?
75
What is the remainder when 87 is divided by 11?
10
What is the remainder when 84 is divided by 45?
39
What is the remainder when 27237 is divided by 227?
224
Calculate the remainder when 208 is divided by 43.
36
Calculate the remainder when 4890 is divided by 175.
165
What is the remainder when 52295 is divided by 331?
328
Calculate the remainder when 141 is divided by 50.
41
Calculate the remainder when 1025 is divided by 147.
143
What is the remainder when 13773 is divided by 48?
45
Calculate the remainder when 61 is divided by 43.
18
What is the remainder when 128 is divided by 36?
20
Calculate the remainder when 394 is divided by 12.
10
What is the remainder when 540 is divided by 154?
78
Calculate the remainder when 299 is divided by 91.
26
What is the remainder when 1086 is divided by 129?
54
What is the remainder when 127 is divided by 54?
19
Calculate the remainder when 575 is divided by 162.
89
Calculate the remainder when 162 is divided by 46.
24
Calculate the remainder when 134 is divided by 5.
4
Calculate the remainder when 359 is divided by 20.
19
Calculate the remainder when 928 is divided by 81.
37
Calculate the remainder when 226 is divided by 69.
19
Calculate the remainder when 6276 is divided by 1045.
6
What is the remainder when 45 is divided by 16?
13
Calculate the remainder when 376 is divided by 6.
4
Calculate the remainder when 2657 is divided by 140.
137
Calculate the remainder when 149 is divided by 9.
5
Calculate the remainder when 1093 is divided by 227.
185
What is the remainder when 7438 is divided by 80?
78
What is the remainder when 3 is divided by 3?
0
Calculate the remainder when 14763 is divided by 138.
135
Calculate the remainder when 360 is divided by 11.
8
What is the remainder when 2697 is divided by 894?
15
Calculate the remainder when 43 is divided by 11.
10
What is the remainder when 368 is divided by 27?
17
Calculate the remainder when 309 is divided by 24.
21
Calculate the remainder when 86 is divided by 20.
6
What is the remainder when 507 is divided by 85?
82
Calculate the remainder when 310 is divided by 8.
6
Calculate the remainder when 11223 is divided by 184.
183
What is the remainder when 159 is divided by 40?
39
Calculate the remainder when 279 is divided by 3.
0
Calculate the remainder when 719 is divided by 24.
23
What is the remainder when 276 is divided by 141?
135
Calculate the remainder when 309 is divided by 19.
5
Calculate the remainder when 167 is divided by 26.
11
What is the remainder when 169 is divided by 117?
52
Calculate the remainder when 154 is divided by 28.
14
Calculate the remainder when 3595 is divided by 300.
295
What is the remainder when 15243 is divided by 206?
205
Calculate the remainder when 421 is divided by 61.
55
What is the remainder when 170 is divided by 43?
41
Calculate the remainder when 1094 is divided by 221.
210
Calculate the remainder when 220 is divided by 33.
22
Calculate the remainder when 249 is divided by 52.
41
Calculate the remainder when 101 is divided by 34.
33
Calculate the remainder when 8243 is divided by 15.
8
Calculate the remainder when 5739 is divided by 110.
19
Calculate the remainder when 4784 is divided by 401.
373
Calculate the remainder when 1455 is divided by 4.
3
What is the remainder when 145 is divided by 79?
66
Calculate the remainder when 43 is divided by 17.
9
Calculate the remainder when 518 is divided by 115.
58
Calculate the remainder when 580 is divided by 82.
6
What is the remainder when 654 is divided by 303?
48
Calculate the remainder when 270 is divided by 137.
133
What is the remainder when 286 is divided by 79?
49
What is the remainder wh